*q. What is the greatest common factor of u and 588?
196
Suppose 30*w = 4*z + 25*w - 9998, -4*z + 9980 = -2*w. Calculate the greatest common factor of 56 and z.
28
Let i = 28704 - 26595. Calculate the highest common divisor of 407 and i.
37
Suppose 66 = x + 5*d, 18 + 104 = x - 2*d. Calculate the highest common divisor of x and 23638.
106
Suppose -5*x - 275 = -30. Let v = x - -77. What is the highest common factor of v and 308?
28
Suppose 2*r - 20 = -0*g + g, -5*g - 5*r - 40 = 0. Let l be (-8)/g - (-1658)/6. Let q = 53 + l. What is the greatest common factor of 30 and q?
30
Let f(l) = -l**3 + 15*l - 4. Let h be f(-5). Suppose -174*a - h = -176*a. Let z = 67 - a. Calculate the highest common factor of z and 11.
11
Suppose -m + 24 = 2*o, 0 = 2*o - 70*m + 67*m. Calculate the highest common divisor of 16839 and o.
9
Let b be 150/2 + -10 + 12. Let a be (-3 + 7)/4 - 54/(-2). Calculate the greatest common factor of a and b.
7
Suppose -4*g = 18*g - 110. Suppose 0 = g*k - 29*k + 7992. What is the highest common divisor of k and 18?
9
Let y be (-14)/21*-3 + -334. Let b = 367 + y. Calculate the highest common factor of 385 and b.
35
Let j be (40/30)/(60/16650). Calculate the greatest common divisor of j and 320.
10
Let s be (10*6/(-4))/(4 + (-357)/87). What is the greatest common factor of s and 65?
5
Let j(n) = -n**3 - 5*n**2 + 7*n + 6. Let i be j(-6). Suppose i = -5*c + 15 - 25. Let h be (-1)/(-1*c/50)*-3. What is the greatest common factor of 30 and h?
15
Suppose 0 = 6*a + 5 + 7. Let u be a - (4 + -49)/3. Let m be (-8)/6*(-59 - u). What is the highest common divisor of m and 12?
12
Let b = -11598 - -11988. Calculate the greatest common factor of 840 and b.
30
Let w(g) = 133*g**2 + 3*g + 11. Let l be w(-2). Let d = l + -299. What is the greatest common divisor of 28 and d?
14
Let f = 142937 - 142935. Suppose 3*o = -3*i + 243, -o + 172 = 3*i - 69. What is the highest common divisor of i and f?
2
Let l be (2/(-14))/((-3)/831) + 3092/(-5411). Let g = 730 - 482. Suppose g = i + 5*b, -b - 206 = -i + 72. What is the greatest common factor of l and i?
39
Let y(n) = 22*n - 5. Let x be y(2). Suppose 32 = -x*l + 43*l. Let v = l - -8. Calculate the greatest common factor of 144 and v.
16
Suppose -287 = -4*p - 5*f + 83, -f = 5*p - 452. Let t be p - (-4)/(-12)*18. What is the highest common divisor of t and 140?
28
Suppose -55*a = -34*a - 14990 - 56347. Calculate the greatest common divisor of a and 86.
43
Let f(b) = b**3 - 4*b**2 - 200*b + 2232. Let a be f(12). What is the highest common divisor of a and 72?
24
Suppose -2*v - 2*v = -288. Suppose -2*n - v = a - 5*n, 0 = -a + 4*n - 76. Let i = 72 + a. Calculate the greatest common factor of 6 and i.
6
Suppose 23*z - 25*z - 2*f = -88, -211 = -4*z + f. Calculate the greatest common divisor of 24 and z.
3
Let h = 223 - 83. Let m(y) = -908*y - 11720. Let z be m(-13). Calculate the highest common factor of h and z.
28
Suppose -2*p = -2*d - 56, -18*p = -17*p + 4*d - 13. Let q = p - -15. Calculate the greatest common factor of 220 and q.
20
Let k(o) = -2*o**3 + 11*o**2 + 19*o - 59. Let f be k(4). Calculate the highest common divisor of f and 120.
5
Let d = 27195 - 27135. Let u(c) = -2*c**3 - c**2 + 2*c + 1. Let i be u(-4). Calculate the highest common divisor of i and d.
15
Suppose -3*k - 6241 = -2*s - 7507, 3*s = -5*k + 2072. Let n(j) = j**2 + 12*j + 9. Let u be n(-13). Calculate the greatest common factor of u and k.
22
Let r be ((-2)/(-1) - 41) + -3 + -3. Let m = 50 + r. Suppose 120 = m*a + 15. Calculate the greatest common factor of a and 6.
3
Suppose 43 = 4*u + d - 320, -2*d = 2*u - 174. What is the greatest common divisor of u and 36?
4
Suppose 5*w - 252 = 2*w. Suppose -l - 5421 + 5484 = 0. What is the greatest common divisor of l and w?
21
Let m be 8/(3 + -1)*6/4. Suppose 0 = m*g + 5 + 7. Let a be (1 - (-1 - g)) + 12. Calculate the greatest common divisor of 132 and a.
12
Suppose 101 = -18*b + 101. Suppose -11*w + 181 - 49 = b. What is the highest common factor of 3 and w?
3
Suppose -19*y = -15*y + 4. Let m be 28/4 + -4 - y. Let p be (6 - -2) + 2 + -6. Calculate the highest common divisor of p and m.
4
Suppose 1610 = 16*q - 21*q. Let h = q + 372. Suppose 43 = 5*j - 107. Calculate the greatest common factor of h and j.
10
Suppose 0 = 5*j + q - 8915, 0*j + 2*j - 3539 = 5*q. Suppose 24*z + j = 33*z. What is the greatest common factor of 22 and z?
22
Let g = -7846 + 7939. What is the highest common divisor of 7533 and g?
93
Let j = 20 + 26. Let u be -1*3/(-3)*475. Suppose 2*o - u = -2*o + 3*n, -n + 340 = 3*o. What is the highest common divisor of j and o?
23
Let i(g) be the first derivative of -2*g**4 - 19*g**3/3 - 15*g - 65. Let f be i(-6). What is the greatest common divisor of f and 21?
21
Let y = -2716 - -2919. Calculate the greatest common factor of y and 725.
29
Suppose 0 = -4*u - 5*z + 67, 3*u + 5*z - 45 = 3*z. Suppose 40*n = u*n + 1134. What is the greatest common divisor of 189 and n?
21
Let q be (-2)/((-8 + 700/88)/(45/12)). Let g = 161 + 59. What is the greatest common factor of q and g?
55
Suppose 0 = -2*w + 5*g, 5*w = -6*g + 2*g + 66. Let d be 3 - (-3 - -3)/4. Let b be (-16)/24*(-720)/d. Calculate the highest common divisor of w and b.
10
Let s = -2463 + 2517. What is the highest common divisor of s and 1566?
54
Suppose -69291 + 5337 = -5*u - u. What is the highest common factor of u and 187?
187
Suppose -3*b = -49 - 17. Let k = 169 - 112. Let g be k - ((-6)/8 + (-88)/(-32)). What is the greatest common factor of b and g?
11
Let r = 49 + -39. Suppose 3*q = -r*q + 2561. Let b = -107 + q. What is the highest common divisor of b and 135?
45
Let n(i) = i**3 + 16*i**2 - 125*i + 25. Let s be n(-20). What is the highest common divisor of s and 50?
25
Suppose -9*r = 13*r - 440. Let z(g) = g**3 - 20*g**2 + 5*g - 65. Let b be z(r). Calculate the greatest common divisor of b and 77.
7
Let k = 3198 + -3188. What is the greatest common factor of k and 1870?
10
Let r = 40 + -3. Suppose y - r = l, -2*l + 111 = 5*y - 109. Suppose 0 = x + 4*n - 28, n + 84 = 4*x - x. Calculate the highest common factor of x and y.
14
Let f be ((-4)/5 - 0)/((-128)/8000). Suppose -4*j + 2*j = -2*t + 1092, -4*j = t - 566. What is the highest common divisor of t and f?
50
Suppose 54 - 9 = -3*n. Let f be (6/n)/(7/(-140)). Suppose -5*j = -2*j - 72. What is the highest common divisor of j and f?
8
Suppose 3*y + 107*r - 105*r - 4203 = 0, 3*r = 4*y - 5621. What is the highest common divisor of y and 69?
23
Suppose 0 = -2*n - 3*v + 86, -5*n = 241*v - 237*v - 243. Calculate the greatest common factor of 13255 and n.
55
Let r(m) be the first derivative of m**4/2 + m**3/3 - 14*m**2 + 12*m - 73. Let p be r(4). What is the greatest common factor of p and 4?
4
Suppose -802 + 261 = -4*a + 3307. What is the greatest common factor of 518 and a?
74
Let i be 52/(-6) - (-3)/(-9). Let h(p) = -27*p - 5. Let j be h(i). Let c = -164428 - -164442. What is the greatest common divisor of c and j?
14
Let u = -47 + 103. Suppose 46*n - u*n = -330. Let h = -74 - -129. What is the highest common factor of n and h?
11
Let y(j) = -2*j**3 + 15*j**2 + 8*j + 2. Let c = -32 + 40. Let k be y(c). Suppose -k + 37 = v. Calculate the highest common divisor of v and 14.
7
Let w(n) be the first derivative of n**4/2 - 2*n**3 + 2*n**2 - 3*n - 5. Let u be w(4). Let m be 18*6/(48/20). Calculate the highest common divisor of u and m.
45
Let a = -316 - -328. Suppose -k - 3*k = -1200. Calculate the highest common factor of a and k.
12
Let s = 607 + 79. Suppose -r + s = 5*t, -t - 680 = -6*t + 5*r. Let n = t - 77. Calculate the highest common factor of n and 12.
12
Let t be (-3)/(-7) - 42770/98. Let h = t - -612. Let z = h + 16. What is the greatest common divisor of z and 24?
24
Suppose 607 = -16*i + 3967. Let d be (i/63)/(1/24). Calculate the greatest common factor of 80 and d.
80
Let b(u) = 3*u**3 - 26*u**2 - 69*u - 14. Let m be b(12). Calculate the greatest common factor of 130 and m.
26
Suppose -30*c - 18*c + 59514 = 61*c. Let g(l) = -l**3 + 5*l**2 - 2*l + 1. Let a be g(3). What is the highest common factor of c and a?
13
Let j be 268/(-603)*(-45)/20. Let x = -8 - -18. Suppose 0*a + 5*a = x. What is the highest common divisor of a and j?
1
Let r be ((-26)/(-4))/1*4. Let c(w) be the first